30
Calculate the highest common divisor of 2568 and 336.
24
What is the greatest common factor of 2494 and 86?
86
Calculate the greatest common factor of 1053 and 624.
39
Calculate the greatest common divisor of 38563 and 49.
49
What is the highest common factor of 1353 and 1599?
123
What is the greatest common factor of 369 and 9?
9
Calculate the greatest common divisor of 1304 and 200.
8
What is the highest common factor of 246 and 858?
6
What is the highest common divisor of 72 and 16?
8
What is the highest common factor of 185 and 1295?
185
What is the greatest common factor of 275 and 25?
25
What is the greatest common factor of 678 and 25312?
226
What is the greatest common divisor of 375 and 50?
25
What is the greatest common divisor of 51 and 39?
3
What is the greatest common divisor of 1683 and 891?
99
Calculate the greatest common factor of 1956 and 48.
12
What is the greatest common divisor of 135 and 60?
15
What is the greatest common divisor of 285 and 75?
15
Calculate the highest common factor of 1683 and 198.
99
Calculate the greatest common factor of 12361 and 141.
47
Calculate the highest common divisor of 166 and 23738.
166
What is the greatest common divisor of 34 and 1020?
34
What is the greatest common divisor of 3956 and 46?
46
What is the greatest common factor of 682 and 374?
22
Calculate the highest common factor of 4176 and 145.
29
Calculate the highest common factor of 152 and 8.
8
Calculate the highest common divisor of 3266 and 46.
46
Calculate the highest common factor of 384 and 18.
6
What is the highest common factor of 14 and 8596?
14
Calculate the highest common factor of 2322 and 7998.
258
What is the highest common divisor of 304 and 80?
16
Calculate the greatest common factor of 3416 and 793.
61
What is the greatest common divisor of 488 and 61?
61
Calculate the greatest common divisor of 534 and 178.
178
What is the greatest common divisor of 95 and 30?
5
What is the greatest common factor of 2329 and 119?
17
Calculate the highest common factor of 7 and 13027.
7
What is the greatest common factor of 30464 and 238?
238
What is the highest common factor of 2415 and 46?
23
What is the greatest common factor of 57 and 6?
3
Calculate the highest common divisor of 128 and 456.
8
Calculate the highest common factor of 20 and 980.
20
Calculate the greatest common factor of 111 and 2923.
37
Calculate the highest common divisor of 110 and 1870.
110
Calculate the greatest common divisor of 44 and 308.
44
Calculate the highest common factor of 10 and 235.
5
What is the highest common divisor of 104 and 2730?
26
Calculate the greatest common divisor of 21 and 3384.
3
What is the highest common divisor of 76 and 836?
76
What is the highest common factor of 132 and 176?
44
Calculate the highest common factor of 12 and 132.
12
What is the greatest common factor of 40 and 5320?
40
Calculate the greatest common factor of 27 and 9.
9
What is the highest common divisor of 4 and 17140?
4
What is the highest common factor of 21 and 987?
21
What is the greatest common divisor of 24 and 84?
12
Calculate the highest common factor of 27 and 837.
27
What is the highest common divisor of 294 and 168?
42
Calculate the highest common factor of 492 and 60.
12
Calculate the greatest common factor of 290 and 6815.
145
What is the greatest common factor of 315 and 567?
63
What is the highest common factor of 24 and 1200?
24
What is the greatest common divisor of 480 and 1065?
15
What is the highest common factor of 612 and 24?
12
Calculate the highest common divisor of 150 and 60.
30
Calculate the greatest common divisor of 168 and 525.
21
Calculate the highest common factor of 14 and 10472.
14
Calculate the highest common divisor of 18 and 873.
9
Calculate the highest common divisor of 10 and 15.
5
Calculate the highest common factor of 255 and 15.
15
What is the greatest common divisor of 288 and 8496?
144
What is the highest common factor of 5115 and 209?
11
Calculate the highest common factor of 721 and 515.
103
What is the highest common divisor of 64 and 1568?
32
Calculate the highest common divisor of 58 and 4.
2
What is the highest common divisor of 2 and 27?
1
What is the highest common divisor of 703 and 76?
19
Calculate the highest common divisor of 245 and 917.
7
Calculate the highest common divisor of 90 and 390.
30
Calculate the highest common divisor of 8 and 964.
4
Calculate the greatest common divisor of 63 and 5607.
63
What is the highest common divisor of 968 and 132?
44
What is the highest common factor of 2180 and 40?
20
Calculate the greatest common factor of 24 and 12354.
6
Calculate the highest common factor of 3130 and 40.
10
Calculate the greatest common divisor of 52 and 494.
26
What is the highest common factor of 56 and 42?
14
What is the greatest common divisor of 180 and 99?
9
What is the greatest common divisor of 5 and 85?
5
What is the highest common divisor of 1313 and 707?
101
Calculate the highest common divisor of 7 and 757.
1
Calculate the greatest common divisor of 160 and 230.
10
Calculate the highest common divisor of 4203 and 27.
9
What is the greatest common factor of 231 and 63?
21
Calculate the highest common factor of 376 and 235.
47
What is the highest common factor of 232 and 17?
1
Calculate the highest common divisor of 15 and 105.
15
What is the greatest common divisor of 405 and 585?
45
What is the greatest common divisor of 172 and 1168?
4
What is the highest common factor of 102 and 17?
17
Calculate the greatest common factor of 154 and 693.
77
Calculate the greatest common divisor of 187 and 17.
17
What is the highest common factor of 6069 and 7?
7
Calculate the highest common factor of 2231 and 97.
97
Calculate the highest common factor of 396 and 5280.
132
What is the highest common factor of 3 and 72?
3
What is the greatest common factor of 297 and 216?
27
Calculate the highest common divisor of 261 and 45.
9
What is the greatest common divisor of 46 and 1?
1
Calculate the highest common divisor of 20 and 12.
4
What is the highest common factor of 6 and 78?
6
Calculate the highest common factor of 18280 and 80.
40
Calculate the greatest common factor of 980 and 910.
70
What is the highest common factor of 129 and 1032?
129
Calculate the highest common factor of 539 and 11.
11
Calculate the greatest common factor of 31 and 4247.
31
What is the greatest common divisor of 25 and 55?
5
What is the highest common factor of 23 and 83513?
23
What is the greatest common factor of 3111 and 549?
183
Calculate the greatest common divisor of 155 and 186.
31
What is the greatest common factor of 4189 and 284?
71
Calculate the highest common factor of 33 and 58971.
33
What is the greatest common divisor of 4738 and 138?
46
Calculate the greatest common factor of 752 and 112.
16
What is the greatest common factor of 477 and 18?
9
Calculate the highest common divisor of 84 and 23226.
42
What is the greatest common factor of 3302 and 26?
26
What is the highest common factor of 78 and 1326?
78
Calculate the greatest common divisor of 16698 and 138.
138
Calculate the greatest common divisor of 493 and 51.
17
What is the highest common factor of 180144 and 216?
216
Calculate the greatest common factor of 779 and 533.
41
Calculate the highest common factor of 915 and 2010.
15
Calculate the greatest common factor of 57 and 12939.
57
What is the greatest common factor of 30 and 110?
10
What is the greatest common factor of 57 and 38?
19
What is the highest common factor of 33 and 66?
33
Calculate the highest common divisor of 108 and 24.
12
Calculate the highest common factor of 31 and 12958.
31
Calculate the greatest common factor of 32 and 12.
4
Calculate the highest common factor of 7 and 59.
1
What is the greatest common divisor of 2400 and 288?
96
What is the highest common factor of 13 and 533?
13
What is the highest common divisor of 494 and 78?
26
Calculate the highest common divisor of 410 and 3526.
82
What is the greatest common factor of 105 and 5817?
21
Calculate the highest common factor of 785 and 5.
5
What is the highest common divisor of 10 and 26?
2
Calculate the greatest common divisor of 2233 and 539.
77
Calculate the highest common factor of 3 and 1923.
3
Calculate the greatest co